{"id":566,"date":"2015-11-26T21:13:00","date_gmt":"2015-11-26T20:13:00","guid":{"rendered":"http:\/\/www.techt.ch\/subsa\/?page_id=566"},"modified":"2018-07-08T19:41:04","modified_gmt":"2018-07-08T18:41:04","slug":"presse","status":"publish","type":"page","link":"http:\/\/www.techt.ch\/subsa\/?page_id=566","title":{"rendered":"Presse"},"content":{"rendered":"<h4><span style=\"text-decoration: underline;\"><strong>A la t\u00e9l\u00e9vision :<\/strong><\/span><\/h4>\n<p><span style=\"text-decoration: underline; color: #0000ff;\"><a title=\"Ouragan Maria: la reconstruction commence \u00e0 Saint-Martin, JT 12:45 RTS, 23 septembre 2017\" href=\"https:\/\/www.rts.ch\/play\/tv\/12h45\/video\/ouragan-maria-la-reconstruction-commence-a-saint-martin?id=8942197&amp;station=a9e7621504c6959e35c3ecbe7f6bed0446cdf8da\" target=\"_blank\"><span style=\"color: #0000ff; text-decoration: underline;\">Ouragan Maria: la reconstruction commence \u00e0 Saint-Martin (JT 12:45 RTS, 23 septembre 2017)<\/span><\/a><\/span><\/p>\n<p><span style=\"text-decoration: underline; color: #0000ff;\"><a title=\"Mission Irma, JT TV 8 Mont-Blanc, 19 septembre 2017\" href=\"https:\/\/www.youtube.com\/watch?v=AVxOuMZTXvM\" target=\"_blank\"><span style=\"color: #0000ff; text-decoration: underline;\">Mission Irma (JT TV 8 Mont-Blanc, 19 septembre 2017)<\/span><\/a><\/span><\/p>\n<p><span style=\"text-decoration: underline; color: #0000ff;\"><a title=\"Mission Irma, JT France 3, 19 septembre 2017\" href=\"https:\/\/www.youtube.com\/watch?v=h0ST5OAu6s8\" target=\"_blank\"><span style=\"color: #0000ff; text-decoration: underline;\">Mission Irma (JT France 3, 19 septembre 2017)<\/span><\/a><\/span><\/p>\n<p><span style=\"text-decoration: underline; color: #0000ff;\"><a title=\"Huit sp\u00e9l\u00e9ologues chevronn\u00e9s viennent d'atteindre le sommet du Vanil des Artses par l'int\u00e9rieur de la montagne\" href=\"http:\/\/www.rts.ch\/g\/LcxB\" target=\"_blank\"><span style=\"color: #0000ff; text-decoration: underline;\">Huit sp\u00e9l\u00e9ologues chevronn\u00e9s viennent d&rsquo;atteindre le sommet du Vanil des Artses par l&rsquo;int\u00e9rieur de la montagne (19:30 Le Journal, RTS, 23 ao\u00fbt 2013)<\/span><\/a><\/span><\/p>\n<p><span style=\"text-decoration: underline; color: #0000ff;\"><a title=\"Vieille-ville: des souterrains sillonnent le sous-sol de Gen\u00e8ve\" href=\"http:\/\/www.rts.ch\/video\/info\/couleurs-locales\/5136551-vieille-ville-des-souterrains-sillonnent-le-sous-sol-de-geneve.html\" target=\"_blank\"><span style=\"color: #0000ff; text-decoration: underline;\">Vieille-ville: des souterrains sillonnent le sous-sol de Gen\u00e8ve (Couleur local, RTS, 15 ao\u00fbt 2013)<\/span><\/a><\/span><\/p>\n<p><span style=\"text-decoration: underline; color: #0000ff;\"><a title=\"Suisse - des trous dans la Gruy\u00e8re\" href=\"http:\/\/alpes.france3.fr\/emissions\/alpexpress-rendez-vous-avec-nos-voisins-suisses-et-italiens\/actu\/suisse-des-trous-dans-la-gruyere.html-0\" target=\"_blank\"><span style=\"color: #0000ff; text-decoration: underline;\">Suisse &#8211; des trous dans la Gruy\u00e8re (France 3 Alpes, Alpexpress)<\/span><\/a><\/span><\/p>\n<h4><span style=\"text-decoration: underline;\"><strong>Dans la presse \u00e9crite :<\/strong><\/span><\/h4>\n<p><span style=\"text-decoration: underline; color: #0000ff;\"><a title=\"Le sauvetage des enfants de Tham Luang tient la Tha\u00eflande en haleine, Le Matin Dimanche, 8 juillet 2018.\" href=\"https:\/\/www.lematin.ch\/\" target=\"_blank\"><span style=\"color: #0000ff; text-decoration: underline;\">Le sauvetage des enfants de Tham Luang tient la Tha\u00eflande en haleine (Le Matin Dimanche, 8 juillet 2018)<\/span><\/a><\/span><\/p>\n<p><span style=\"text-decoration: underline; color: #0000ff;\"><a title=\"Des sp\u00e9l\u00e9ologues au secours d'un alpage, La Gruy\u00e8re, 3 ao\u00fbt 2017.\" href=\"http:\/\/mdemierre.speleologie.ch\/wp-content\/uploads\/lagruyere_03_08_2017_1_3.pdf\" target=\"_blank\"><span style=\"color: #0000ff; text-decoration: underline;\">Des sp\u00e9l\u00e9ologues au secours d&rsquo;un alpage (La Gruy\u00e8re, 3 ao\u00fbt 2017)<\/span><\/a><\/span><\/p>\n<p><span style=\"text-decoration: underline; color: #0000ff;\"><a title=\"Des Suisses \u00e0 la rescousse, Le Matin, 20 septembre 2017.\" href=\"http:\/\/www.techt.ch\/subsa\/wp-content\/uploads\/2017\/12\/pages_2_3_Le_Matin_2017-09-20.pdf\" target=\"_blank\"><span style=\"color: #0000ff; text-decoration: underline;\">Des Suisses \u00e0 la rescousse (Le Matin, 20 septembre 2017)<\/span><\/a><\/span><\/p>\n<p><span style=\"text-decoration: underline; color: #0000ff;\"><a title=\"\u00abLa situation s\u2019est am\u00e9lior\u00e9e sur l\u2019\u00eele\u00bb, La Libert\u00e9, 18 septembre 2017.\" href=\"http:\/\/www.techt.ch\/subsa\/wp-content\/uploads\/2017\/12\/p009-REGION-5.pdf\" target=\"_blank\"><span style=\"color: #0000ff; text-decoration: underline;\">La situation s\u2019est am\u00e9lior\u00e9e sur l\u2019\u00eele (La Libert\u00e9, 18 septembre 2017)<\/span><\/a><\/span><\/p>\n<p><span style=\"text-decoration: underline; color: #0000ff;\"><a title=\"Sauv\u00e9 \u00e0 l\u2019explosif, Le Matin, 5 juin 2017.\" href=\"http:\/\/www.techt.ch\/subsa\/wp-content\/uploads\/2017\/12\/Feissli_F_Seisme_LeMatin_05_06_17.pdf\" target=\"_blank\"><span style=\"color: #0000ff; text-decoration: underline;\">Sauv\u00e9 \u00e0 l\u2019explosif (Le Matin, 5 juin 2017)<\/span><\/a><\/span><\/p>\n<p><span style=\"text-decoration: underline; color: #0000ff;\"><a title=\"Des explosifs pour sauver des vies, La Libert\u00e9, 6\u00a0juin 2017.\" href=\"http:\/\/www.techt.ch\/subsa\/wp-content\/uploads\/2017\/12\/p009-REGION-5-1.pdf\" target=\"_blank\"><span style=\"color: #0000ff; text-decoration: underline;\">Des explosifs pour sauver des vies (La Libert\u00e9, 6\u00a0juin 2017)<\/span><\/a><\/span><\/p>\n<p><span style=\"text-decoration: underline; color: #0000ff;\"><a title=\"Des explosifs pour sauver des vies, Le Dauphin\u00e9 Lib\u00e9r\u00e9, 4\u00a0juin 2017\" href=\"http:\/\/www.techt.ch\/subsa\/wp-content\/uploads\/2017\/12\/PDF-Page-6-edition-d-annemasse-et-le-genevois-20170604.pdf\" target=\"_blank\"><span style=\"color: #0000ff; text-decoration: underline;\">Des explosifs pour sauver des vies (Le Dauphin\u00e9 Lib\u00e9r\u00e9, 4\u00a0juin 2017)<\/span><\/a><\/span><\/p>\n<p><span style=\"text-decoration: underline; color: #0000ff;\"><a title=\"Un s\u00e9isme a ravag\u00e9 la Gruy\u00e8re pour le GIS\" href=\"http:\/\/www.techt.ch\/subsa\/wp-content\/uploads\/2016\/11\/04.06.2016-Gru-5.pdf\" target=\"_blank\"><span style=\"color: #0000ff; text-decoration: underline;\">Un s\u00e9isme a ravag\u00e9 la Gruy\u00e8re pour le GIS (La Gruy\u00e8re, 4 juin 2016)<\/span><\/a><\/span><\/p>\n<p><span style=\"text-decoration: underline; color: #0000ff;\"><a title=\"Ils ont d\u00e9couvert le Puits de la Sorci\u00e8re\" href=\"http:\/\/www.techt.ch\/subsa\/wp-content\/uploads\/2016\/11\/LM6SW2702PX1.pdf\" target=\"_blank\"><span style=\"color: #0000ff; text-decoration: underline;\">Ils ont d\u00e9couvert le Puits de la Sorci\u00e8re (Le Matin, 27 f\u00e9vrier 2016)<\/span><\/a><\/span><\/p>\n<p><span style=\"text-decoration: underline; color: #0000ff;\"><a style=\"color: #0000ff;\" href=\"http:\/\/mdemierre.speleologie.ch\/wp-content\/uploads\/05.03.2016-article-gruyere.pdf\" target=\"_blank\">Des solutions uniques pour des niches sp\u00e9cialis\u00e9es (La Gruy\u00e8re, 5 mars 2016)<\/a><\/span><\/p>\n<p><span style=\"text-decoration: underline; color: #0000ff;\"><a title=\"Au fond de la mine, le charbon\" href=\"http:\/\/www.sept.info\/fond-de-charbon-mine-oron-vaud-exploration\/\" target=\"_blank\"><span style=\"color: #0000ff; text-decoration: underline;\">Au fond de la mine, le charbon (sept.info, Toinon Debenne, 20 octobre 2015)<\/span><\/a><\/span><\/p>\n<p><span style=\"text-decoration: underline; color: #0000ff;\"><a href=\"http:\/\/www.techt.ch\/subsa\/wp-content\/uploads\/2015\/11\/Article-Libert\u00e9_Poya.pdf\" target=\"_blank\"><span style=\"color: #0000ff; text-decoration: underline;\">Le chantier explosif du pont de la Poya (La Libert\u00e9, 29 janvier 2011)<\/span><\/a><\/span><\/p>\n<p><span style=\"text-decoration: underline; color: #0000ff;\"><a href=\"http:\/\/mdemierre.speleologie.ch\/wp-content\/uploads\/NVTAK2403P007X1.pdf\" target=\"_blank\"><span style=\"color: #0000ff; text-decoration: underline;\">Des grottes sous le feu des projecteurs (La R\u00e9gion, le journal du Nord vaudois, 24 mars 2015)<\/span><\/a><\/span><\/p>\n<p><span style=\"text-decoration: underline; color: #0000ff;\"><a href=\"http:\/\/mdemierre.speleologie.ch\/wp-content\/uploads\/Speleo_2015_03_fr.pdf\" target=\"_blank\"><span style=\"color: #0000ff; text-decoration: underline;\">Le\u00e7on de sp\u00e9l\u00e9ologie dans l\u2019Intyamon (Les Alpes, revue du Club Alpin Suisse, 3\/2015)<\/span><\/a><\/span><\/p>\n<p><span style=\"text-decoration: underline; color: #0000ff;\"><a href=\"http:\/\/mdemierre.speleologie.ch\/wp-content\/uploads\/Les_Alpes_2014_03_f.pdf\" target=\"_blank\"><span style=\"color: #0000ff; text-decoration: underline;\">Des sp\u00e9l\u00e9ologues au sommet (Les Alpes, revue du Club Alpin Suisse, 3\/2014)<\/span><\/a><\/span><\/p>\n<p><span style=\"text-decoration: underline; color: #0000ff;\"><a href=\"http:\/\/mdemierre.speleologie.ch\/wp-content\/uploads\/LI-24-08.pdf\" target=\"_blank\"><span style=\"color: #0000ff; text-decoration: underline;\">La montagne gravie de l&rsquo;int\u00e9rieur (La Libert\u00e9)<\/span><\/a><\/span><\/p>\n<p><span style=\"text-decoration: underline; color: #0000ff;\"><a href=\"http:\/\/www.lagruyere.ch\/2013\/08\/le-vanil-des-artses-premi%C3%A8re-montagne-gravie-de-l%E2%80%99int%C3%A9rieur.html\" target=\"_blank\"><span style=\"color: #0000ff; text-decoration: underline;\">Le Vanil des Artses, premi\u00e8re montagne gravie de l\u2019int\u00e9rieur (La Gruy\u00e8re)<\/span><\/a><\/span><\/p>\n<p><span style=\"text-decoration: underline; color: #0000ff;\"><span style=\"text-decoration: underline;\"><a href=\"http:\/\/mdemierre.speleologie.ch\/wp-content\/uploads\/TM48_michel_demierre.pdf\" target=\"_blank\"><span style=\"color: #0000ff; text-decoration: underline;\">Michel Demierre\u00a0sp\u00e9l\u00e9ologue, Tra\u00eena Manchou 48<\/span><\/a><\/span><\/span><span style=\"text-decoration: underline; color: #0000ff;\"><span style=\"color: #0000ff; text-decoration: underline;\"><br \/>\n<\/span><\/span><\/p>\n<p><span style=\"text-decoration: underline;\"><span style=\"color: #0000ff;\"><a href=\"http:\/\/mdemierre.speleologie.ch\/wp-content\/uploads\/ME-30-08-01.pdf\" target=\"_blank\"><span style=\"color: #0000ff; text-decoration: underline;\">La nouvelle voie du Vanil des Artse (Le Messager)<\/span><\/a><\/span><\/span><\/p>\n<p><span style=\"text-decoration: underline; color: #0000ff;\"><a href=\"http:\/\/loisirs.lagrue.ch\/uploads\/archives\/2005\/05.08.30\/gruyere.htm\" target=\"_blank\"><span style=\"text-decoration: underline; color: #0000ff;\">Dans le ventre de la Gruy\u00e8re (La Gruy\u00e8re)<\/span><\/a><\/span><\/p>\n<p><span style=\"text-decoration: underline; color: #0000ff;\"><a href=\"http:\/\/mdemierre.speleologie.ch\/wp-content\/uploads\/Frisson-dans-les-entrailles-de-la-Gruy\u00e8re-La-Libert\u00e9.pdf\" target=\"_blank\"><span style=\"color: #0000ff; text-decoration: underline;\">Frisson dans les entrailles de la Gruy\u00e8re (La Libert\u00e9)<\/span><\/a><\/span><\/p>\n<p><span style=\"text-decoration: underline; color: #0000ff;\"><a href=\"http:\/\/www.speleomag.com\/2013\/10\/speleo-magazine-83\/\" target=\"_blank\"><span style=\"color: #0000ff; text-decoration: underline;\">Suisse : grotte du Dragon, une incroyable ascension, Sp\u00e9l\u00e9o magazine \u00a083, octobre 2013.<\/span><\/a><\/span><\/p>\n<p>Recherches dans le Risoux avec l&rsquo;appui des sp\u00e9cialistes, PolCant Info, septembre 2012.<\/p>\n<p>Sauvetage dans un Labyrinthe souterrain, Le nouvelliste, f\u00e9vrier 2010.<\/p>\n<p>Le Sp\u00e9l\u00e9o-Secours s&rsquo;entra\u00eene \u00e0 Vallorbe, 24 Heures, novembre 2007.<\/p>\n<p>Monoxyde de carbone et minages en sp\u00e9l\u00e9ologie, J. et M. Demierre, 2006.<\/p>\n<p>Le tr\u00e9sor des Grottes aux F\u00e9es, 24 Heures, 14 avril 2005.<\/p>\n<p>Explorations 2003-2004 dans le R\u00e9seau du Folliu, M. Demierre, Le Trou 66, 2005.<\/p>\n<p>Les leds blanches : la nouvelle lumi\u00e8re sp\u00e9l\u00e9o ?, M. Demierre, Spelunca 89, 2003.<\/p>\n<h4><span style=\"text-decoration: underline;\"><strong>A la radio :<\/strong><\/span><\/h4>\n<p><span style=\"text-decoration: underline; color: #0000ff;\"><a href=\"https:\/\/www.rts.ch\/play\/radio\/forum\/audio\/sauvetage-incertain-des-enfants-thalandais-interview-de-michel-demierre?id=9680047\"><span style=\"color: #0000ff; text-decoration: underline;\">Sauvetage incertain des enfants tha\u00eflandais, interview de Michel Demierre (Radio T\u00e9l\u00e9vision Suisse, Forum, 5 juillet 2018)<\/span><\/a><\/span><\/p>\n<p><span style=\"text-decoration: underline; color: #0000ff;\"><a href=\"http:\/\/podcasts.radiofr.ch\/10779e19ae8757778238a4d9c4375843.mp3\"><span style=\"color: #0000ff; text-decoration: underline;\">\u00c9clairages\u00a0:\u00a0Des Fribourgeois se mobilisent dans les Antilles (Radio Fribourg, 19 septembre 2017)<\/span><\/a><\/span><\/p>\n<p><span style=\"text-decoration: underline; color: #0000ff;\"><a href=\"http:\/\/podcasts.radiofr.ch\/e0e76e20a712686e6241baeffea6da47.mp3\"><span style=\"color: #0000ff; text-decoration: underline;\">Le journal du soir (Radio Fribourg, 18 septembre 2017.)<\/span><\/a><\/span><\/p>\n<p><span style=\"text-decoration: underline; color: #0000ff;\"><a href=\"http:\/\/mdemierre.speleologie.ch\/wp-content\/uploads\/26.08.13-Gravir-le-Vanil-des-Artses-de-lint\u00e9rieur.mp3\"><span style=\"color: #0000ff; text-decoration: underline;\">Interview sur radiofr de Jacques et Michel (Radio Fribourg, 26 ao\u00fbt)<\/span><\/a><\/span><\/p>\n<h4><span style=\"text-decoration: underline;\"><strong>Sur internet :<\/strong><\/span><\/h4>\n<p>Ils ont gravi le Vanil des Artses de l\u2019int\u00e9rieur !\u00a0Journal \u00ab\u00a0La Libert\u00e9\u00a0\u00bb, 24 ao\u00fbt 2013.<\/p>\n<div class=\"resp-video-center\" style=\"width: 80%;\"><div class=\"resp-video-wrapper size-16-9\"><iframe title=\"L&#039;incroyable ascension souterraine du Vanil des Artses\" src=\"https:\/\/www.youtube.com\/embed\/oh77UVGoqJs?feature=oembed\" frameborder=\"0\" allow=\"accelerometer; autoplay; clipboard-write; encrypted-media; gyroscope; picture-in-picture; web-share\" referrerpolicy=\"strict-origin-when-cross-origin\" allowfullscreen><\/iframe><\/div><\/div>\n<p>&nbsp;<\/p>\n","protected":false},"excerpt":{"rendered":"<p>A la t\u00e9l\u00e9vision : Ouragan Maria: la reconstruction commence \u00e0 Saint-Martin (JT 12:45 RTS, 23 septembre 2017) Mission Irma (JT TV 8 Mont-Blanc, 19 septembre 2017) Mission Irma (JT France 3, 19 septembre 2017) Huit sp\u00e9l\u00e9ologues chevronn\u00e9s viennent d&rsquo;atteindre le sommet du Vanil des Artses par l&rsquo;int\u00e9rieur de la montagne (19:30 Le Journal, RTS, 23 [&hellip;]<\/p>\n","protected":false},"author":1,"featured_media":0,"parent":0,"menu_order":0,"comment_status":"closed","ping_status":"closed","template":"","meta":{"ngg_post_thumbnail":0,"hide_page_title":"","footnotes":""},"class_list":["post-566","page","type-page","status-publish","hentry"],"aioseo_notices":[],"_links":{"self":[{"href":"http:\/\/www.techt.ch\/subsa\/index.php?rest_route=\/wp\/v2\/pages\/566","targetHints":{"allow":["GET"]}}],"collection":[{"href":"http:\/\/www.techt.ch\/subsa\/index.php?rest_route=\/wp\/v2\/pages"}],"about":[{"href":"http:\/\/www.techt.ch\/subsa\/index.php?rest_route=\/wp\/v2\/types\/page"}],"author":[{"embeddable":true,"href":"http:\/\/www.techt.ch\/subsa\/index.php?rest_route=\/wp\/v2\/users\/1"}],"replies":[{"embeddable":true,"href":"http:\/\/www.techt.ch\/subsa\/index.php?rest_route=%2Fwp%2Fv2%2Fcomments&post=566"}],"version-history":[{"count":14,"href":"http:\/\/www.techt.ch\/subsa\/index.php?rest_route=\/wp\/v2\/pages\/566\/revisions"}],"predecessor-version":[{"id":688,"href":"http:\/\/www.techt.ch\/subsa\/index.php?rest_route=\/wp\/v2\/pages\/566\/revisions\/688"}],"wp:attachment":[{"href":"http:\/\/www.techt.ch\/subsa\/index.php?rest_route=%2Fwp%2Fv2%2Fmedia&parent=566"}],"curies":[{"name":"wp","href":"https:\/\/api.w.org\/{rel}","templated":true}]}}