{"id":74,"date":"2015-10-10T22:57:55","date_gmt":"2015-10-10T21:57:55","guid":{"rendered":"http:\/\/www.techt.ch\/subsa\/?page_id=74"},"modified":"2026-04-17T11:52:13","modified_gmt":"2026-04-17T10:52:13","slug":"galerie","status":"publish","type":"page","link":"http:\/\/www.techt.ch\/subsa\/?page_id=74","title":{"rendered":"Galerie"},"content":{"rendered":"<p>Sp\u00e9l\u00e9ologie<\/p>\nngg_shortcode_0_placeholder\n<p>Progression sur corde unique (SRT)<\/p>\nngg_shortcode_1_placeholder\n<p>Sp\u00e9l\u00e9o exp\u00e9rience<\/p>\nngg_shortcode_2_placeholder\n<p>Minage souterrain<\/p>\nngg_shortcode_3_placeholder\n<p>Travaux&nbsp;souterrains<\/p>\nngg_shortcode_4_placeholder\n","protected":false},"excerpt":{"rendered":"<p>Sp\u00e9l\u00e9ologie Progression sur corde unique (SRT) Sp\u00e9l\u00e9o exp\u00e9rience Minage souterrain Travaux&nbsp;souterrains<\/p>\n","protected":false},"author":1,"featured_media":0,"parent":0,"menu_order":0,"comment_status":"closed","ping_status":"closed","template":"","meta":{"ngg_post_thumbnail":0,"hide_page_title":"","footnotes":""},"class_list":["post-74","page","type-page","status-publish","hentry"],"aioseo_notices":[],"_links":{"self":[{"href":"http:\/\/www.techt.ch\/subsa\/index.php?rest_route=\/wp\/v2\/pages\/74","targetHints":{"allow":["GET"]}}],"collection":[{"href":"http:\/\/www.techt.ch\/subsa\/index.php?rest_route=\/wp\/v2\/pages"}],"about":[{"href":"http:\/\/www.techt.ch\/subsa\/index.php?rest_route=\/wp\/v2\/types\/page"}],"author":[{"embeddable":true,"href":"http:\/\/www.techt.ch\/subsa\/index.php?rest_route=\/wp\/v2\/users\/1"}],"replies":[{"embeddable":true,"href":"http:\/\/www.techt.ch\/subsa\/index.php?rest_route=%2Fwp%2Fv2%2Fcomments&post=74"}],"version-history":[{"count":19,"href":"http:\/\/www.techt.ch\/subsa\/index.php?rest_route=\/wp\/v2\/pages\/74\/revisions"}],"predecessor-version":[{"id":723,"href":"http:\/\/www.techt.ch\/subsa\/index.php?rest_route=\/wp\/v2\/pages\/74\/revisions\/723"}],"wp:attachment":[{"href":"http:\/\/www.techt.ch\/subsa\/index.php?rest_route=%2Fwp%2Fv2%2Fmedia&parent=74"}],"curies":[{"name":"wp","href":"https:\/\/api.w.org\/{rel}","templated":true}]}}